. Let k = l + 85. What is the units digit of k?
4
Let i be ((-24)/36 - 2/6)/1. Let a be (10/15 + i)*15. What is the tens digit of a*4*(-159)/30?
0
Let r(w) be the second derivative of -19*w**3/3 - 13*w**2 - 39*w. Let p be r(-4). Let k = 208 - p. What is the tens digit of k?
8
Suppose 2*b - 2 = 0, 0*m = -3*m + 2*b - 62. Let j be (2 - 27/6)*m/2. What is the tens digit of (-20)/6*(-90)/j?
1
Let z be 530/35 + (-7)/49. Suppose 553 = b + z. What is the hundreds digit of b?
5
Let v(d) = -2*d**3 - 3*d**2 + 30*d + 27419. What is the thousands digit of v(0)?
7
Suppose 12773 + 14929 + 4330 = 14*q. What is the thousands digit of q?
2
Let o be -40 - -48 - -18274*1. Suppose o = -80*q + 91*q. What is the hundreds digit of q?
6
What is the thousands digit of 6 + (56152/(-12))/(584/120 - 5)?
5
Let x(o) = -18*o - 4. Let f(h) be the third derivative of h**6/60 - 5*h**5/12 + 13*h**4/24 - 17*h**3/6 - 9*h**2. Let t be f(12). What is the tens digit of x(t)?
8
Suppose -11*j + 524 = -13*j + 4*w, -j + 3*w = 263. Let m = 282 + j. What is the tens digit of m?
2
Suppose 11*z + 339 + 497 = 0. Let b = 74 + z. What is the hundreds digit of b + 240 + 2 - 3?
2
Let x be 11/(-11)*1/((-2)/102). Suppose 234 = 5*k - 136. Let u = k - x. What is the units digit of u?
3
Suppose 0 = 4*w + y - 101, -34 + 158 = 5*w - y. Suppose 5*l = -0*l - 5*p + 255, 5*p + w = 0. What is the tens digit of l?
5
Let z = 26579 - 998. What is the hundreds digit of z?
5
What is the units digit of (999/18)/((45/(-762))/(-5))?
9
Suppose 2*l - 44496 = -5*j, -l - 5*j + 2712 = -19521. What is the tens digit of l?
6
Let x(r) = r**3 - 34*r**2 + 31*r + 51. Let o be x(34). Let i = -555 + o. What is the hundreds digit of i?
5
Let i = 56916 + -33802. What is the tens digit of i?
1
What is the hundreds digit of (-5*1 + 220/(-110))*31632/(-14)?
8
Let h = -5482 - -6492. What is the units digit of h?
0
Let x = 101597 + -69873. What is the hundreds digit of x?
7
Let b(n) = -2*n**3 - 32*n**2 + 16*n - 16. What is the tens digit of b(-26)?
8
Let u be -3 + -3*1*(-5)/15. Let m(v) = v**2 - 5*v - 5. Let d be m(u). Suppose -d*s + 59 + 58 = 0. What is the tens digit of s?
1
Suppose z - 4*h + h - 8 = 0, -z + 2*h + 6 = 0. Let j be z/5 - (-16)/10. Suppose -118 = -j*t - 4*y, 0 = -t - y - 18 + 73. What is the units digit of t?
1
Let s(b) = b**3 - 7*b**2 + 7*b - 13. Let g be s(7). Let q = 103 + -88. Suppose -g*y + q*y + 3444 = 0. What is the units digit of y?
4
Let z be (1/2)/((-2)/(-8)). Suppose -5*n + 5*t = 25, 5*n - 5 = t - z*t. Suppose -2*k + 77 + 41 = n. What is the tens digit of k?
5
Let u = -319 - -1633. Suppose 5*s + t + 482 - 2107 = 0, -u = -4*s + 2*t. Suppose -3*r + n = -134 - s, 3*n - 140 = -r. What is the tens digit of r?
5
Suppose 4*g + 1521 = -5*g. Let s = g + 227. What is the units digit of s?
8
Suppose -5*c + t + 12900 = -292082, -c = t - 60988. What is the thousands digit of c?
0
Suppose -4*i = -4*y - 20, -4*y = -3*i + i + 18. Let k be (i/(-1))/((33/6)/(-11)). What is the units digit of 15/10 + 195/k?
9
Let g = -372 + 377. Suppose -5*p - 4*a + 1763 = 0, -g*p - 213 + 1982 = 2*a. What is the units digit of p?
5
Let d(r) = -1345*r + 2593. What is the ten thousands digit of d(-17)?
2
Let q(v) = v**3 + 87*v**2 - 62*v + 29. What is the ten thousands digit of q(-81)?
4
Let x(j) = -j**3 + 8*j**2 + 10*j - 2. Let u be x(9). Let z = 215 - 212. Suppose 2*d - 4*s = 70, -z*d - u + 112 = -4*s. What is the units digit of d?
5
Suppose 10*f - 2*v + 42 = 12*f, 0 = -2*f + v + 42. What is the units digit of 1080/f + ((-51)/21 - -3)?
2
Let v = 6455 + 3451. What is the thousands digit of v?
9
Let z(s) = s**2 + 5*s - 34. Let b be z(-9). Suppose -b*h = 38 + 32. What is the units digit of 5/(h/3) - (-2277)/21?
8
Suppose 11*d = 22*d - 30591. Let x = -1765 + d. What is the units digit of x?
6
Let f(u) = u**3 + 18*u**2 + 13*u - 41. Suppose -4*x + w - 43 = 14, 5*w + 27 = -4*x. Let b be f(x). Suppose -5*h + 180 + b = 0. What is the tens digit of h?
6
Suppose 12*y + 10*y + 66 = 0. What is the tens digit of y + (-2)/((-10)/15) + 232?
3
Suppose 5*j + 2*j = 0. Let k be ((-2)/10)/1 - (-145)/725. What is the units digit of k - j - ((-185)/1 + -3)?
8
Suppose 2*j - 13 = -5. Suppose -75 - 220 = -d + 3*v, -5*v - 1180 = -j*d. What is the units digit of d?
5
Let j = -3326 + 3331. Suppose 4*n + 2*x - 1428 = 0, -4*n - 4*x + 91 + 1341 = 0. Suppose 324 + n = j*q. What is the units digit of q?
6
Let t(z) = 8*z**3 + 192*z**2 + 11*z + 27. What is the ten thousands digit of t(7)?
1
Let g = 253 + -253. Suppose -4*h - 3*y + 3800 = g, 4*h = 2*y - 6*y + 3800. What is the tens digit of h?
5
Suppose -703 - 3937 = -2*h. Let m be (5 + -4 - h) + (2 - -1). What is the tens digit of 8/(-6)*m/16?
9
What is the thousands digit of (-21)/126 + (-2090964)/(-72)?
9
Let f(d) = -84*d**3 - d**2 + 5*d - 1. Let c be f(-4). Let n = -3070 + c. Suppose 11*y = -784 + n. What is the hundreds digit of y?
1
Let r be 6/(-6) - 488/(-4). Let o = r - -94. What is the units digit of o?
5
Let m be 2/(-5) - (-132)/55. Suppose 5*y = -m*r + 29, 0*r + 2*y = -4*r + 18. Suppose -3*o + r*o = -7. What is the units digit of o?
7
Suppose -z - 4*t = 2, t - 3 = -5. Suppose z*b - 10 = 2. What is the units digit of (b - 0)/((-7)/(1932/(-8)))?
9
Suppose -5*v + 32801 = 4*z, 2*v = 4*z - 38637 + 5871. What is the hundreds digit of z?
1
Let d = 329 + -260. Let h be 0 - (3/(-1) + 41). Let y = d + h. What is the tens digit of y?
3
Let b(u) = 9*u + 32. Let o(y) = -8*y - 24. Let a(r) = 8*b(r) + 10*o(r). Let h = -9 - -4. What is the units digit of a(h)?
6
Suppose 2*a - 798 = -5*j + 5080, 2*a = 3*j - 3546. What is the hundreds digit of j?
1
Let m be (-2)/2 - (-10 + 6). Suppose i + m*x - 857 + 138 = 0, -i + 759 = -5*x. What is the hundreds digit of i?
7
Let c = 138 + -113. Let k be 6/9*1*9. Let b = k + c. What is the units digit of b?
1
Let i = -124 + 156. Let n = i - -217. What is the tens digit of n?
4
Let a(y) = 2*y + 4. Let z(t) = 2*t + 4. Let b(j) = -3*a(j) + 4*z(j). What is the units digit of b(4)?
2
Suppose 18780 = -17*p + 128056. Suppose 18*c + p = 20630. What is the tens digit of c?
8
Suppose 0 = -4*l - l - 5*l + 11020. What is the units digit of l?
2
Let d(v) = -128*v**3 - 10*v**2 - 14*v - 67. What is the ten thousands digit of d(-5)?
1
Suppose 15*h + 25*h = 11*h + 234784. What is the units digit of h?
6
Let n(k) = 769*k + 20. What is the tens digit of n(7)?
0
Suppose -12 = 3*a, 3*p - 5*a + 10 = 30. Suppose p = -3*x + 12, -5*f + 5*x - 364 = -1699. What is the units digit of f?
1
Suppose 0*t + 30 = 3*t. Suppose -10*v + 17*v = -105. What is the units digit of t*(v/(-10) - 1)?
5
What is the tens digit of (0 - 96972/10)/(84/(-280))?
2
Let r be (-450)/72*(-2 + 122). Let g = 1077 + r. What is the tens digit of g?
2
Let t = -1130 + 5302. What is the thousands digit of t?
4
Suppose 0 = -705*w + 708*w - 15. Suppose w*x - 375 = -m, -4*m + x + 1173 = -m. What is the tens digit of m?
9
Suppose 4*x + 5*r = 236, -64 = -2*x - 5*r + 64. Let o = -66 + x. What is the units digit of 125/4 + o/(-16)?
2
Suppose 3*a = t + 5686, -51*a + 47*a + 7537 = 5*t. What is the thousands digit of a?
1
Let n(m) be the third derivative of 23*m**4/12 - 19*m**3/3 - 11*m**2. Let w be n(-8). Let g = -207 - w. What is the tens digit of g?
9
Let w be (219/4)/(72/96). Suppose 2*v = d + w, 5*d + 199 = 2*d + v. Let l = 349 + d. What is the units digit of l?
4
Let t be 16/7 - ((-64)/(-28))/8. Let x(i) = 5*i - 6. Let h be x(t). Suppose 0 = -0*a + h*a - 456. What is the units digit of a?
4
Let b(r) = -16*r - 4*r + r**2 + 4*r - 23 + 43 + 0*r. What is the units digit of b(21)?
5
Let s(d) = 73*d**3 + 2*d**2 + 164*d - 986. What is the ten thousands digit of s(6)?
1
Let m = -1248 + 58. Let h = -2710 - m. What is the units digit of 1/(-4*4/h)?
5
Let z(x) = -x**3 + 37*x**2 + 35*x - 100. Let h be z(33). Suppose -9*p + h = -7189. What is the units digit of p?
0
Let y = 906 - 910. What is the hundreds digit of (y + -506 - -5)/((-4)/12)?
5
Let q be (-2 - -2)/1 + (-9 - -10). Let o(m) = -q - 2*m**2 + 3*m**2 - m**3 + 53*m - 53*m. What is the units digit of o(-2)?
1
Suppose 5 - 13 = -4*h. Let x(i) = 115*i**2 - 3. Let g be x(h). Let l = g - 254. What is the units digit of l?
3
Let b(f) = -9*f + 306. Let x be b(34). What is the units digit of (x + -63)/(-9) - -545?
2
Suppose -5*c 